hat is the remainder when 702852 is divided by 781?
733
What is the remainder when 974298 is divided by 21115?
3008
Calculate the remainder when 448066 is divided by 87.
16
What is the remainder when 551501 is divided by 907?
45
Calculate the remainder when 1037005 is divided by 64811.
29
What is the remainder when 8694897 is divided by 44?
13
What is the remainder when 2594204 is divided by 1356?
176
Calculate the remainder when 272173 is divided by 1462.
241
What is the remainder when 1120947 is divided by 284?
283
What is the remainder when 4695466 is divided by 54?
4
What is the remainder when 8296198 is divided by 26?
14
Calculate the remainder when 104409433 is divided by 15.
13
Calculate the remainder when 6430309 is divided by 390.
379
What is the remainder when 66516 is divided by 11077?
54
Calculate the remainder when 2436512 is divided by 60.
32
What is the remainder when 5040 is divided by 127?
87
What is the remainder when 2621900067 is divided by 10027?
10026
What is the remainder when 36770480 is divided by 83?
69
What is the remainder when 6288987 is divided by 1257797?
2
What is the remainder when 612814 is divided by 306113?
588
What is the remainder when 38709065 is divided by 121345?
10
Calculate the remainder when 375083 is divided by 20837.
17
Calculate the remainder when 9214530 is divided by 191969.
18
What is the remainder when 17875674 is divided by 4468904?
58
Calculate the remainder when 2114311 is divided by 2114304.
7
What is the remainder when 81645989 is divided by 39234?
35
What is the remainder when 1897346 is divided by 63244?
26
What is the remainder when 788645 is divided by 394266?
113
What is the remainder when 360465 is divided by 4241?
4221
What is the remainder when 5330176 is divided by 2665081?
14
What is the remainder when 1180782 is divided by 295177?
74
What is the remainder when 138302978 is divided by 4?
2
Calculate the remainder when 42978 is divided by 200.
178
What is the remainder when 1434563 is divided by 1434537?
26
What is the remainder when 146349555 is divided by 397689?
3
What is the remainder when 7675660 is divided by 176?
124
Calculate the remainder when 34871 is divided by 1124.
27
Calculate the remainder when 53892679 is divided by 79.
64
What is the remainder when 106928 is divided by 21191?
973
What is the remainder when 711692 is divided by 711682?
10
Calculate the remainder when 6168054 is divided by 268171.
121
What is the remainder when 27049640 is divided by 416148?
20
Calculate the remainder when 14831667 is divided by 279842.
41
Calculate the remainder when 224608 is divided by 224426.
182
Calculate the remainder when 61609056 is divided by 2203.
2161
What is the remainder when 936058 is divided by 936044?
14
What is the remainder when 2591 is divided by 2438?
153
Calculate the remainder when 3011 is divided by 1146.
719
Calculate the remainder when 720837 is divided by 99.
18
Calculate the remainder when 769900 is divided by 1236.
1108
What is the remainder when 135029 is divided by 707?
699
Calculate the remainder when 681879 is divided by 2200.
2079
What is the remainder when 911418 is divided by 182279?
23
What is the remainder when 190718 is divided by 95193?
332
What is the remainder when 5777402 is divided by 1877?
1873
Calculate the remainder when 4309525 is divided by 2241.
82
What is the remainder when 1960887 is divided by 389?
327
Calculate the remainder when 5121485 is divided by 227.
138
What is the remainder when 33664693 is divided by 5054?
5053
Calculate the remainder when 4021048 is divided by 21.
10
Calculate the remainder when 41579956 is divided by 472499.
44
What is the remainder when 722489635 is divided by 3151?
3147
Calculate the remainder when 2300892 is divided by 16.
12
Calculate the remainder when 62607 is divided by 61923.
684
What is the remainder when 165819 is divided by 23684?
31
Calculate the remainder when 103241 is divided by 25717.
373
Calculate the remainder when 26409863 is divided by 681.
2
What is the remainder when 86042303 is divided by 5858?
5857
What is the remainder when 150595 is divided by 37150?
1995
What is the remainder when 895641 is divided by 889?
418
What is the remainder when 297581 is divided by 425?
81
Calculate the remainder when 551161 is divided by 32421.
4
Calculate the remainder when 24322936 is divided by 90.
76
Calculate the remainder when 29739588 is divided by 1982638.
18
Calculate the remainder when 15898 is divided by 199.
177
What is the remainder when 2820377 is divided by 857?
847
What is the remainder when 2542516 is divided by 10463?
7
Calculate the remainder when 59080732 is divided by 542.
22
What is the remainder when 3748312 is divided by 50?
12
Calculate the remainder when 190915 is divided by 47699.
119
Calculate the remainder when 3196050 is divided by 72634.
154
Calculate the remainder when 2726320 is divided by 68.
64
What is the remainder when 65475432 is divided by 1683?
0
Calculate the remainder when 10332178 is divided by 4705.
4703
Calculate the remainder when 1955226 is divided by 3216.
3114
What is the remainder when 79725340 is divided by 3842?
3840
Calculate the remainder when 1395011 is divided by 697375.
261
Calculate the remainder when 1820568 is divided by 1555.
1218
Calculate the remainder when 665171 is divided by 2310.
2201
Calculate the remainder when 69068 is divided by 449.
371
Calculate the remainder when 774673 is divided by 446.
417
What is the remainder when 302885 is divided by 372?
77
Calculate the remainder when 309978 is divided by 3030.
918
Calculate the remainder when 1681848 is divided by 3948.
0
What is the remainder when 57437 is divided by 7740?
3257
What is the remainder when 1280598 is divided by 426741?
375
What is the remainder when 2070298 is divided by 804?
802
Calculate the remainder when 20395229 is divided by 36.
5
Calculate the remainder when 796658 is divided by 295.
158
Calculate the remainder when 16826447 is divided by 1388.
1111
What is the remainder when 53103 is divided by 6918?
4677
What is the remainder when 13320440 is divided by 1579?
1575
What is the remainder when 325371 is divided by 8816?
7995
Calculate the remainder when 7563 is divided by 2234.
861
What is the remainder when 10041529 is divided by 10041468?
61
What is the remainder when 256642867 is divided by 12988?
12975
Calculate the remainder when 170857 is divided by 1459.
154
What is the remainder when 24062650 is divided by 18?
16
What is the remainder when 167855538 is divided by 167?
164
Calculate the remainder when 63640355 is divided by 4771.
4757
Calculate the remainder when 182496977 is divided by 4802552.
1
What is the remainder when 5526 is divided by 494?
92
Calculate the remainder when 446372 is divided by 74370.
152
What is the remainder when 172678 is divided by 8383?
5018
Calculate the remainder when 1222077 is divided by 32046.
4329
What is the remainder when 776288 is divided by 15220?
68
What is the remainder when 249260 is divided by 2563?
649
Calculate the remainder when 3657298 is divided by 87.
79
Calculate the remainder when 14387029 is divided by 8.
5
Calculate the remainder when 17311896 is divided by 2473127.
7
What is the remainder when 846602 is divided by 14596?
34
What is the remainder when 4186457 is divided by 64?
25
Calculate the remainder when 152362 is divided by 685.
292
Calculate the remainder when 743036 is divided by 371327.
382
What is the remainder when 27511632 is divided by 29?
28
What is the remainder when 83818 is divided by 3852?
2926
Calculate the remainder when 287064 is divided by 95648.
120
What is the remainder when 55365999 is divided by 1786?
1785
What is the remainder when 859462 is divided by 101?
53
Calculate the remainder when 300177 is divided by 113.
49
What is the remainder when 47873441 is divided by 3174?
3173
What is the remainder when 1293223 is divided by 53876?
199
What is the remainder when 17949663 is divided by 194?
7
What is the remainder when 253757 is divided by 125377?
3003
What is the remainder when 4970734 is divided by 2780?
94
Calculate the remainder when 48158039 is divided by 321.
14
Calculate the remainder when 744979 is divided by 248297.
88
Calculate the remainder when 2008176 is divided b